s the remainder when f/12 - 2/(-8) is divided by 8?
7
Suppose -4*g = -59 + 47. What is the remainder when 5 is divided by g?
2
Suppose 254 = 7*w - 5*w. What is the remainder when w is divided by 43?
41
What is the remainder when 1/(-7) - (-246)/7 is divided by 9?
8
Let z(g) = -g**3 + 6*g**2 - g + 2. Let a be z(6). What is the remainder when (-2)/8 + (-9)/a is divided by 1?
0
Let h = -16 - -24. Calculate the remainder when 27 is divided by h.
3
Let a be 18 + (6 - 3)*-1. Suppose -4*t + a = 2*b - 11, -2*b = -t - 51. What is the remainder when b is divided by (-3)/((-5)/4 + 1)?
11
Let f = -6 + -28. Let l = -22 - f. What is the remainder when 46 is divided by l?
10
Let c be -2 + 5/1 + 14. Suppose -3*j = -5*w + 79, -j = 3*w - c - 22. Calculate the remainder when w is divided by 4.
2
Let f = -191 + 135. Let t = -34 - f. Suppose 20 = 5*v - 4*b, -v + 4*b + 8 = 20. Calculate the remainder when t is divided by v.
6
What is the remainder when (-93)/2*4/(-3) is divided by 16?
14
Let z(u) = -4 - 2 - 5*u + 2*u. Suppose 3*w = -4*k + 4*w - 14, 0 = 4*w + 8. Calculate the remainder when 16 is divided by z(k).
4
Calculate the remainder when -65*((-4)/(-2))/(-2) is divided by 17.
14
Suppose -4*g + 6 = 2*y, -2*y + 3*y = g + 3. Suppose 4*r = -w + 33, -5*r + 43 = -r + y*w. Suppose -4*i + r = -89. What is the remainder when i is divided by 13?
11
Let m = 2 - -4. What is the remainder when (-315)/(-84) - 2/(-8) is divided by (8/m)/((-2)/(-3))?
0
Suppose 0 = a + 2*a - 24. Let h = 0 - 1. What is the remainder when 0/h - (-1 - 13) is divided by a?
6
Suppose 0 = p - 2*p + 14. Let f be (-4 - -1)/(2/(-2)). Suppose -5*g = -f*k + 121 - 25, g + 84 = 3*k. What is the remainder when k is divided by p?
13
Suppose 5*n = -5, 0*y - 4*y - 3*n = -169. Calculate the remainder when y is divided by 15.
13
Let y(k) = -8*k - 3. Let u be y(-2). Let a = 32 - u. Calculate the remainder when 74 is divided by a.
17
Let p(a) = 5*a - 2. Let v be (3/(-3) + -4)*-1. Suppose -2*b = v*o - 10, -2*o + 0*o + 4 = -4*b. What is the remainder when 15 is divided by p(o)?
7
Suppose t - 4*t + y + 244 = 0, 4*t + 5*y - 319 = 0. Calculate the remainder when t is divided by 28.
25
Let s = 25 - 12. Let h be 1 + (-5 + 1)/4. Suppose h = -5*z, -o + 2*z + 5 = -2*z. What is the remainder when s is divided by o?
3
Suppose 4*x + 2 = 5*x. Suppose 0 = -r + 2*u + 1, -r + 3*r - 6 = x*u. What is the remainder when 8 is divided by r?
3
Let k = 4 + -2. Suppose 0 = -k*r - 2 + 16. Suppose -4*d + 4*v + 24 = 0, -v = -5*d - 6*v + 80. What is the remainder when d is divided by r?
4
Let k = -12 - -17. Suppose -43 = -k*a - 4*s - 0*s, 0 = -a - 5*s - 4. Calculate the remainder when 20 is divided by a*(0 + -1 - -2).
9
Let u(v) = v**3 - 7*v**2 - 9*v + 1. Let h(s) = -5*s**3 + 27*s**2 + 36*s - 3. Let n(m) = 2*h(m) + 9*u(m). Calculate the remainder when 21 is divided by n(-8).
10
Let b(x) = 5 + x**3 - x + 0 - 4. Let k(z) = 2*z**3 - 4*z**2 - 8*z. Let p(c) = -4*b(c) + k(c). What is the remainder when p(-3) is divided by 9?
8
Let q(j) = 5*j + 23. What is the remainder when q(2) is divided by 22?
11
Let z = 7 + -18. Let v = z - -16. Calculate the remainder when 18 is divided by v.
3
Let v(y) = 6*y - 22. Calculate the remainder when v(5) is divided by 8.
0
Suppose -4*v + 87 = -5*i, -2*v = -0*i - 4*i - 48. Calculate the remainder when v is divided by 7.
4
Suppose 10 = o - 12. What is the remainder when 175 is divided by o?
21
Let t = -57 - -41. What is the remainder when ((-28)/t)/(1/8) is divided by 15/(-3)*8/(-5)?
6
Suppose -3 = 2*g + 3*u + 2, g = 4*u + 14. Let z(s) = s**3 + 7*s**2 - 7*s + 10. Calculate the remainder when z(-8) is divided by g.
0
Suppose -3*b + 6*b = 2*k - 51, 0 = k + 4*b + 2. What is the remainder when 87 is divided by k?
15
Suppose 162 + 66 = 4*f. Calculate the remainder when f is divided by 15.
12
Let b(z) = z**3 + z + 5. Let x be b(0). Let h = x - -4. Calculate the remainder when 25 is divided by h.
7
Suppose 0 = -17*l + 14*l + 54. Calculate the remainder when 104 is divided by l.
14
Suppose -2*w - 14 = -p - 42, -w + 2*p = -14. Calculate the remainder when -5 - (-4)/2 - -56 is divided by w.
11
Let z = 51 - 17. What is the remainder when z is divided by 6?
4
Let z = -5 - -16. Suppose -3*x + 18 = s - 0*s, -4*s + 87 = -3*x. Calculate the remainder when s is divided by z.
10
Let i = -28 + 43. Calculate the remainder when i is divided by 9.
6
Let b(u) = u**2 - 6. Suppose -3*m + 6 = 0, 0 = -3*d - 4*m + 28 + 1. What is the remainder when b(d) is divided by 15?
13
Let k = 17 + 3. What is the remainder when 58 is divided by k?
18
Let c(b) = b**3 + 9*b**2 + 4*b + 8. Let x = 11 + -11. What is the remainder when c(-8) is divided by 42*((-2)/(-4) - x)?
19
Let y = 30 - 20. What is the remainder when (2/9)/((-194)/(-14841)) is divided by y?
7
Let v = -14 + 53. Calculate the remainder when v is divided by 3 + (-14)/(-3 - -1).
9
Suppose -c = -2*c - 2*i + 14, -3*c + 2*i = -42. Calculate the remainder when 55 is divided by c.
13
Let j(u) = -u**3 - 2*u**2 + 9*u + 6. Calculate the remainder when 17 is divided by j(-4).
1
Let n = -1 - -1. Suppose -4*j - 4*s = -19 - 5, n = 3*j + 5*s - 26. What is the remainder when 7 is divided by j?
1
Suppose 2*h = -3*h + 15. Suppose -2*j - 2*a = -4*j + 42, -h*j = 5*a - 31. Suppose 2*g - 2*u - 3 = j, -3 = u. What is the remainder when g is divided by 3?
1
Suppose -90 = -2*w + 50. Calculate the remainder when w is divided by 18.
16
Suppose 0*l = 3*l + 138. Suppose 0 = 4*s - 3*p - 260, 0*s + 52 = s - 4*p. What is the remainder when s is divided by (l/(-4))/(1/2)?
22
Let u = -6 + 4. What is the remainder when (-3 - u)/(2/(-30)) is divided by 8?
7
Let m = 3 + 5. Let n be ((-74)/3)/(m/12). Let u = 63 + n. What is the remainder when u is divided by 14?
12
Let u be (9/(-6))/((-3)/4). Let y be (-4)/(-4)*(0 + u). Suppose 3*a + y*a = 5. What is the remainder when 3 is divided by a?
0
Suppose -4*t - 41 = -3*i, 0 = -i - t - 2 + 4. Let q be i*2*(-12)/(-8). Calculate the remainder when 26 is divided by q/3 - -1*2.
8
Let i(r) = 3*r**2 + 5*r - 2. Let c be i(-4). Let k = c + 30. Calculate the remainder when k is divided by (4 - 2) + (3 - -14).
18
Let u be 1*(-2 + (-18)/(-2)). Suppose -3*j = -u - 5. Calculate the remainder when 6 is divided by j.
2
Let i(o) = 4*o - o + 2 + 4*o - o. What is the remainder when 39 is divided by i(2)?
11
Suppose -4*k = 3*u - 5*k - 56, -3*u - 2*k + 59 = 0. What is the remainder when u is divided by 10?
9
Suppose 2 = -2*k + 6. Let f be k/(-6)*(3 - 3). Suppose f = -a - 8*d + 4*d + 42, -3*a + 156 = -3*d. What is the remainder when a is divided by 26?
24
Let o(z) = -9*z - 3. What is the remainder when ((-3)/(9/58))/((-6)/9) is divided by o(-2)?
14
Let t = -1 + -11. Suppose -4*v = -0*v + 76. Let x = t - v. What is the remainder when x is divided by 4?
3
Suppose -4*j - 4*m = -32, 0 = -5*j - m + 10 + 22. Let w(z) = 3*z. Calculate the remainder when 3 + j/2 + 27 is divided by w(3).
6
Suppose 5*g - 1 = 24. Suppose 0 = -4*a - 5*n + 14, 6*n - n = -g*a + 15. Let c = 0 + 1. What is the remainder when c is divided by a?
0
Suppose 2*m = 5*c - 90, 90 = 5*c - 3*m - 2*m. What is the remainder when 68 is divided by c?
14
Let m be 4/22 + (-225)/(-33). Suppose 2*j - m*j + 5*g + 60 = 0, 5*j - 60 = g. Suppose -106 + 18 = -4*i. What is the remainder when i is divided by j?
10
Calculate the remainder when 17 is divided by 12*-4*3/(-24).
5
Let w(i) = -4*i**3 + 2*i**2 + 7*i + 3. What is the remainder when 84 is divided by w(-2)?
26
Suppose 17 = 3*k + 2*b, -2*b - 24 = -k + b. Calculate the remainder when k is divided by 4.
1
Let h = 61 + -41. Calculate the remainder when 39 is divided by h.
19
Suppose 384 = 3*c - 0*c. Suppose -6*b + c = -2*b. Calculate the remainder when b is divided by 11.
10
Let s = -20 + 48. What is the remainder when s is divided by 10?
8
Let i(h) = h**3 + 2*h**2 - 3*h + 3. Let n be 0 + 2/((-4)/6). Let f be i(n). Suppose -f*l + 4*l - 3 = 0. Calculate the remainder when l is divided by 2.
1
Suppose 0 = 5*q + 3*p - 10, 0 = 4*q - 4*p + p - 8. Let t(f) = -f**3 - f**2 + f - 1. What is the remainder when q is divided by t(-2)?
0
Let c(s) = 2*s**2 + 4*s + 7. What is the remainder when c(-6) is divided by 14?
13
Suppose 4*j - 6 = j. Suppose j*g = 3*y + 7, -3*y + 3 + 4 = 5*g. Suppose -5*n + 14 = p, 0 = 3*n + 2*p - 2